 53 - 3) + -10 + 4 + -1?
3
Calculate 86 + -74 - (12 + -111).
111
-120 - -107 - (129 + -56)
-86
What is (-31 + 104 - 28) + (3 - (-3 - -2 - -16))?
33
What is 43 + -1 - (-695 - -745)?
-8
27 + (2 + -47 - (136 + -155))
1
Evaluate -63 + 1 - (-11 - 1 - -6 - 0 - 1).
-55
What is 60 + -180 - (-3 + 20 + -51)?
-86
1 + -17 + -5529 + 5573
28
-44 + 66 + -22 + -40 - 12
-52
What is -45 + 14 + (-13 - (11 - (-7 - -31)))?
-31
What is the value of 128 + 165 + -380 + 164?
77
What is 1 + (1 - -11) - 6 - (3 - -2 - 13)?
15
23 + 0 + 4 + -5 - (-15 + 1) - 2
34
8 + -1 - (1 + (-1 - 2) - (-74 + 74))
9
What is (-16 + -21 - -27 - -58) + (3 - (2 + -2))?
51
Evaluate 9 + -2 + -41 + 55.
21
Calculate -34 + 11 - (-14 - -112 - (-16 - 3)).
-140
-14 + (-879 - -881) + (8 - 0) + 12
8
Evaluate 127 - -9 - 29 - 222.
-115
What is the value of -169 - (174 + -460) - (39 + -1)?
79
Evaluate (106 - (19 + 91)) + (-2 + 4 - 1).
-3
What is the value of -7 + 1 + -7 + (9 - (9 - 4))?
-9
What is -131 + (70 - 51) - -160?
48
-84 + 1 + (-35 - (-188 + 131))
-61
Evaluate -27 + -32 + (16 + 114 - 0).
71
What is -4 + 0 + -12 + 13 + 14?
11
(23 - (46 - -20)) + 104
61
What is the value of -1 + 1 + (26 - 0 - (-4795 - -4834))?
-13
Evaluate 33 - 51 - (-64 - -8) - 155.
-117
Calculate 220 + -130 - (43 + -6).
53
0 + -4 - (-80 + 2 - (-32 + 26) - -11)
57
What is 15 + -17 + -20 + -18 + -1 + -13?
-54
-74 - ((-20 - 8) + -29)
-17
5 - 1 - (75 + (-76 - 15)) - -72
92
Calculate 22 + (-11 - (-1 - 12)) + 2 + 7 + -8.
25
4 + (5 - 12 - -1) - (-41 - -64)
-25
Calculate 100 + -3 + -4 + -28 + 53 + -30.
88
6 - (-84 - 14 - -23)
81
(-25 - (-17 + -17)) + 5 + -5 + 4 + -39
-26
What is the value of 13 + (35 - 45) + (41 - -7) + -7?
44
(21 + (-9 - 3) - (71 + 1)) + -28 + 20
-71
Calculate -115 + -16 + 268 + -152.
-15
What is the value of 31 - 4 - (26 + -4 - 23)?
28
What is the value of 46 + -188 - -115 - (1 + -81)?
53
Evaluate (0 - 5 - -151) + -4770 + 4729.
105
What is -14 + -25 + 76 - 31?
6
-1 + -31 + 22 + -19 - (0 - 0)
-29
Calculate 3 + -72 - (-19 + 7 + 14 + (-8 - -1)).
-64
2775 + -2790 + 30 + 0
15
2 - (-73 + (-58 - -46) + (18 - -2))
67
(292 - 491) + -32 + 155
-76
(-40 - -57 - 58) + (-24 - -6)
-59
What is the value of (4 - 4) + -9 + -11 - (47 - 54)?
-13
What is -10 + (4 - 3) + (-20 - -7) - (28 + -20)?
-30
Evaluate 44 - ((-66 + 30 - -33) + 7 + -14).
54
What is 0 + -37 + 120 + -63?
20
Evaluate (-20 - (-131 - -47)) + -98.
-34
Calculate -37 + -17 - -37 - -49 - -58.
90
Evaluate (2 - 20) + (34 + -23 - -34) - 7.
20
Calculate (1 - 1 - -13) + ((-4 - -31) + -109 - -39).
-30
What is 160 + -80 + -66 + (0 - -2) + -96?
-80
What is the value of (22 - ((-13 - -43) + -6)) + (-41 - 0)?
-43
Evaluate -11 + (-3 - 22) + (-2 - (-6 - -1)).
-33
What is 1345 + -1433 - (4 + -8 - -22 - -3)?
-109
What is 93 - 203 - -70 - ((-1 - 4) + (22 - 16))?
-41
(12 + 0 - -5 - (-15 + 12)) + -25
-5
Evaluate -70 + 62 + 11 + 1 + 6 - 40.
-30
Calculate -1 + -4 - (26 + 5 + -13 + 25 + 73).
-121
(2 - -20) + -635 + 620
7
Calculate -2046 + 2038 + (3 + 1 - -1) - -5 - 18.
-16
(1890 - 1912) + 1 + 2 + -21
-40
What is 24 + (19 - 32 - 8) + (-23 - -1)?
-19
What is -67 - (1 + 0 - (10 + 2) - (14643 - 14646))?
-59
What is -29 - (-11 + -49) - -7?
38
-13 - 18 - (-84 - -65)
-12
Calculate 92 - (13 - (96 - 121)).
54
What is 2 + (-3 - (9 - (-17 + 37)) - (2 - -44))?
-36
What is 1 + 10 + (5 - 4) + (30 - -5 - 36)?
11
What is -14 - 39 - (-15 + 66 + -20)?
-84
What is the value of 29 - (-7 + -3 - (52 + -141))?
-50
Calculate 34 + (2 - (2 - 1)) + -28 + (197 - 166).
38
Evaluate 4 - (9 + 65 + -36).
-34
Evaluate (-63 - (23 + -109 + 43)) + 47.
27
What is the value of (-2 - (1 + 2 - (12 + -14 + 3))) + -3?
-7
What is -40 + -53 + 104 - (3 - 0)?
8
What is the value of 27 + -2 - (16 + 102 + -157)?
64
What is the value of -16 + 12 + 3 + 7 - 8 - -9?
7
Evaluate -47 - (12 - (209 + -157)).
-7
What is -23 - -1 - (68 + -284 - -93)?
101
What is (-1 - 12) + -50 + 35 + 18?
-10
Calculate 1 + -1 + 1 - (-40 + 1 + 12 + 7).
21
Calculate -7 + 19 + 6 - 30.
-12
-11 + 13 + (69 - 64)
7
What is the value of (20 - (1 - 0)) + -1570 + 1492 - 2?
-61
What is 2 + -4 + -5 + (81 - -8 - 10)?
72
What is 9 + (-79 - (-22 + 10)) + 28?
-30
Calculate (1157 - 1221) + 0 + -7.
-71
12 + 2 - (17 - (-9 - -10 - -14))
12
What is the value of 56 + 11 + -5 + -1 + (-23 - 8 - -31)?
61
Evaluate -12 + 116 + (195 - 207).
92
What is the value of -16 - (-26 - (15 + (-9 - 23) + 2))?
-5
(16 - 21) + -6 + 10 + 8
7
What is (-2217 - -2205) + 14 + 3 + -2 - 14?
-11
-37 + (35 + (-51 - -2) - 14)
-65
Calculate -45 + (12 - ((12 - 14) + 22)).
-53
What is the value of 7 - 0 - (2 + -5 + (0 - (-25 + 11)))?
-4
Calculate -67 - (-50 - -44 - (-1 + (3 - 9))).
-68
Evaluate (-226 - -26) + 97 - (-38 - 0).
-65
What is -1 + 1 + 14 + (41 - (19 - -61)) + -26?
-51
-145 + 136 - (3 - 34)
22
What is 46 + -29 + -50 + 5 + -31?
-59
What is (-37 - 81) + 91 - (-1 + -4 + -16)?
-6
Evaluate (-10 - 1) + (47 - 23) + -39 + (19 - 1).
-8
What is (128 - (219 - 23)) + 0 + -35?
-103
What is -18 - (12 + -2 - (20 + 0 - 8) - -11)?
-27
136 + (-45 - (150 - 180))
121
Evaluate 0 - 7 - ((-2 + 0 - (-2 + 31)) + -6).
30
Calculate 25 + -3 + -23 + -180 + 145.
-36
-2 + -29 - (-13 - (13 - 23) - 11 - -2)
-19
Calculate 3 + 16 + 9 + 4 + (-6 - -13) + -11.
28
-3 + -29 + -1 - (10 + (-54 - -62) + -20)
-31
Evaluate -10 + (1 - 21) + (735 - 711).
-6
Evaluate (-33 - ((-10 - -3) + -16)) + 45.
35
What is -28 + 33 - (1 + -2 + (45 - 42) + 52)?
-49
What is the value of 3 - 25 - (3 - (-11 + -21 + -41))?
-98
Evaluate -130 - (8 - (-97 + 107)).
-128
Calculate (6 - -3) + 0 + -12 + (77 + -2 - 65).
7
Calculate -1 + -8 + (-215 - (266 - 460)).
-30
What is -96 + (11 - (-97 + 15))?
-3
Evaluate (0 - -10) + (45 + -6 + -18 - 5).
26
Calculate -910 + 882 - (-3 - (-21 + 4)).
-42
Calculate -68 - -151 - 71 - (0 + (16 - -1)).
-5
-50 + 25 + (6 - 24) - 3
-46
Calculate 13 + 0 - (10 - 2) - (-40 - (-9 - 15)).
21
Calculate 60 + (-3 - (4 + -10) - -1) + 711 + -711.
64
What is -68 + 69 + (7 - (2 - -4) - (7 - -54))?
-59
What is -10 + (-19 - (9 + -34) - -12)?
8
What is 1 + 19 - (-163 + 83 + 71)?
29
What is 6 + 2 - (0 + -10)?
18
What is 5 + (5 - (7 - -8 - 8)) + 90 + -37?
56
What is -59 + -17 + 94 + -35?
-17
11 + (62 - 30) + (1 - 7)
37
What is -11494 - -11385 - (1 - 56)?
-54
Evaluate 47 - (-1 - (10 - 0) - -21).
37
What is (10 - ((59 - 63) + (25 - -2))) + -1 + -24?
-38
What is the value of 0 + 24 + -1380 + 1266?
-90
Evaluate 70 + 235 + -151 - 151.
3
Evaluate (-56 - (4 - 2)) + (-3 - (-36 - -26)).
-51
-24 - -84 - 10 - (1 - -24)
25
Calculate -57 + 2 + (3204 - 3168).
-19
What is 0 - (-30 - (-110 - -57))?
-23
Calculate 50 + -133 + 131 - (-2 - -2).
48
222 - (33 - (49 - 97))
141
Calculate 6 + (21 - -43 - 13).
57
Evaluate (-1 - -10) + -55 + 50 + 73 + -9 - 5.
63
What is 0 + 10 + 4 + 7 - 62?
-41
What is the value of (-55 - -27) + 156 + -177?
-49
Evaluate 18 - (-92 - -176) - -146.
80
32 - (53 + -7) - (1 + 0) - (8 - 1)
-22
182 + 0 + -9649 + 9559
92
-20 + -15 + 3 - (-126 + 123)
-29
Evaluate 1 + -1 + 16 - (50 - (8 + -20 + 54)).
8
What is the value of -10 - 1 - -4 - -4 - (-49 - -33)?
13
Evaluate -32 - (60 - (33 - -12 - -1)).
-46
What is the value of 99 + -107 + -23 + 104 + 2?
75
What is the value of 39 + -47 + -71 + 62?
-17
What is the value of -61 + -184 - -238 - (-99 - (-3 - -2))?
91
Evaluate (41 + (44 - 63) - 24) + (1 - -73).
72
Calculate -34 - ((-3 - (-18 - 1)) + 6 + -13).
-43
(-25 + 70 - 27) + -8 - (-91 + -4)
105
Calculate (3 - 22) + (20 - (-4 - -15)) - -8.
-2
8 + (3 - (-25 - -30)) + -74
-68
Calculate 5 - ((65 - -3) + -37 - -13).
-39
What is 10 + (0 - (13 + 22)) - 4?
-29
-7 + (-13 - (9 - -5)) - -119
85
What is the value of 62 + -29 + -52 + (-3 - 14)?
-36
Evaluate 3 - (-58 + -3 + 6 + 11) - (2 - -7).
38
What is the value of 6 - 18 - (-22 + 9) - -4?
5
Evaluate 22 + -12 + 9 + 6 - 20.
5
What is the value of (-16 - (22 - 39)) + (5 - 1 - 5) + -53?
-53
Evaluate 8 + (5 - 4) + (-1 + -1 + 47 - -10).
64
-4 - -1 - -2 - (-26 - (31 - 43))
13
-61 + (24 - (18 - 0) - (7 - 0 - 5))
-57
Evaluate (-16 - (-66 - -43)) + (-33 - -6).
-20
Evaluate -1 + 65 + 2918 + -2918.
64
What is 110 - (-93 + 185 - 30)?
48
-87 - (-86 - -28 - -2)
-31
Evaluate -36 + (-3 - -7) + -6 + 22 + -15.
-31
Evaluate -23 - (-14 - -1 - 14) - 76.
-72
-28 - (5 + (-68 - -114))
-79
Evaluate (-2118 - -2131) + (-17 - (2 - 1)).
-5
What is the value of 83 - (-3 +